x + 0*x = -12. Suppose -m*h + 105 = h. Calculate the highest common factor of o and h.
21
Suppose 0 = -6*v + 4*v - 12. Suppose -p + 3*p = 0. Let j be (p - -1)*-1 - v. Calculate the highest common factor of 40 and j.
5
Let o be 33/(-2)*(-216)/162. What is the greatest common factor of o and 22?
22
Suppose -15*s = 4*y - 14*s - 1744, -2*s + 1748 = 4*y. What is the highest common factor of 609 and y?
87
Let q be (-82)/(-5) - (4/10 + 0). What is the greatest common divisor of q and 2?
2
Suppose 9*s - 406 = -73. Suppose -s*o = -30*o - 21. Calculate the greatest common factor of o and 6.
3
Let f = -425 - -455. What is the highest common divisor of 255 and f?
15
Let z(s) be the first derivative of -s**3/3 - 5*s**2/2 + s - 1. Let y be z(-5). Let n be -6*8/(y*-4). Calculate the highest common factor of n and 12.
12
Suppose 0 = -s - 2*s + 4*r - 15, 10 = 5*s + 5*r. Let o be 168 + 2 + s + -1. Calculate the greatest common factor of o and 24.
24
Let n(z) = -2*z + 45. Let q be n(7). What is the greatest common factor of q and 217?
31
Let c(k) = k**3 + k**2. Let h be c(1). Suppose -5 - 5 = h*u + 5*n, 5*n + 10 = 0. Suppose -4*g = -u*g - 728. Calculate the greatest common divisor of 26 and g.
26
Let h be 7/(-21)*(-154 + 1). Suppose -19*f + 24*f - 2040 = 0. Calculate the greatest common divisor of h and f.
51
Let q be ((-2)/2 - -3)*(-24)/8. Let j be 20/q*84/(-4). Calculate the greatest common factor of j and 20.
10
Suppose 0 = 4*u - 0 - 56. Let s = 19 - u. Suppose -2*x + 0*x - f = -15, -f = -s*x + 27. What is the greatest common factor of 12 and x?
6
Let q(n) be the third derivative of 7*n**5/60 + 5*n**4/24 + n**3/2 - 14*n**2. Let c be q(-3). What is the highest common factor of 34 and c?
17
Let d(k) = 2*k + 4. Let t(h) = 2*h - 7. Suppose 0 = 4*y + 16, 5*i + 2*y = -2*y + 24. Let r be t(i). Let s be d(r). What is the highest common factor of s and 2?
2
Let y(x) = 6*x + 2. Let a be y(0). Suppose -a*q + 230 = 70. Calculate the highest common divisor of 10 and q.
10
Let v be ((-2)/11)/((-8)/352). Calculate the greatest common factor of v and 8.
8
Let p = -234 - -256. Calculate the greatest common divisor of p and 594.
22
Suppose -3*c - x = -44, 2*x = -4*c - x + 57. Let l(z) = -10 + 0*z**2 - 6*z + 15 + 4*z**2. Let i be l(-5). What is the greatest common factor of c and i?
15
Suppose 3*c - 2*x = 27, 5*c + 3*x = 7*x + 47. Let j = 95 - c. Calculate the greatest common divisor of 8 and j.
8
Suppose -2*m + a = -39, -2*m + 0*m = a - 33. What is the highest common factor of 4 and m?
2
Let v be (1 - 10)/(15/(-50)). Suppose -3*g = -2*g - 7. Let q be (-14)/(-49) - (-103)/g. What is the greatest common factor of q and v?
15
Let w(d) = 10*d**2 + 28*d - 331. Let c be w(9). What is the highest common factor of 129 and c?
43
Let k(q) = q**3 - 2*q**2 + 7*q - 4. Let o be k(4). Let h be (732/(-10))/(16/(-160)). Let a be h/90 - (-2)/(-15). What is the greatest common divisor of o and a?
8
Let n = 1 - -9. Let y = 126 - -44. Calculate the greatest common factor of n and y.
10
Suppose -4*m + 3*q + 10 = 22, -m + 3*q - 12 = 0. Suppose -3*x = -v + 15, 2*v + m*v = 4*x + 32. Calculate the greatest common divisor of 9 and v.
9
Suppose -180 = -2*g + 6*c - 4*c, 0 = -3*c + 12. Calculate the highest common divisor of g and 4.
2
Let l be (-23)/2*6*(3 + -4). What is the highest common divisor of 23 and l?
23
Suppose 0 = -3*v + 2*w, 0 = 3*v - v - 4*w. Suppose -2*u + 20 = -v*g + 4*g, 4*g = 0. What is the greatest common divisor of u and 2?
2
Let a = 119 - 114. Suppose 3 = -c, 3*c + a = 2*r - 6. Calculate the highest common factor of 13 and r.
1
Let j be (-6 - 0) + -59 + 66. What is the highest common divisor of 40 and j?
1
Let o = -1048 + 1058. What is the greatest common divisor of o and 15?
5
Let f be 22 + -63 + 4/(-2). Let b = -34 - f. Let s be (6/5)/((-8)/(-20)). Calculate the greatest common divisor of b and s.
3
Suppose -3*z + 2*d + 222 = 0, 120 + 21 = 2*z + d. Let v(p) = p**2 + 15*p - 7. Let k be v(-16). Calculate the greatest common divisor of z and k.
9
Let l(h) = h**3 + 20*h**2 - 7*h - 8. Let c be l(-11). What is the greatest common factor of 6 and c?
6
Suppose 464 + 339 = 11*q. Let g = -71 + q. Calculate the highest common factor of 7 and g.
1
Suppose -o - 2*x + 74 = 0, -34 - 180 = -3*o + 2*x. Suppose 0 = 3*m - m + 8, o = 2*f - 2*m. Calculate the greatest common divisor of 56 and f.
8
Let v be -6 + -92*(-5)/20. What is the highest common divisor of v and 68?
17
Suppose 4*v + 98 = -4*u + 430, 0 = -5*u - v + 407. Suppose -5*w = -19 - u. Suppose x + 19 - 69 = 0. What is the highest common divisor of w and x?
10
Let x(y) = y**3 - 15*y**2 + 11*y - 40. Let i be x(15). Calculate the greatest common factor of i and 100.
25
Let s(r) = 2*r + 12. Let t be s(-5). Suppose 50 = t*m - 10. Suppose i - 4*k = 244, -2*i - k - 3*k + 476 = 0. Calculate the highest common divisor of i and m.
30
Let q = 66 - 21. Suppose 89 = 5*j - 4*f - q, j - f - 27 = 0. Calculate the highest common divisor of 26 and j.
26
Suppose 5*f - 4*v - 154 = 3, -4*f + 136 = 2*v. Calculate the greatest common divisor of 51 and f.
3
Suppose 0 = z - 31 - 118. Calculate the greatest common factor of z and 1192.
149
Let y = -238 - -340. Let g = y + -64. Suppose f = u + 3*f - g, -76 = -2*u - 5*f. Calculate the greatest common factor of u and 57.
19
Let n(f) = -2*f - 12. Let h be n(-6). Suppose h = -r + 5*r - 80. Suppose -4*q + 12 = -4. Calculate the highest common divisor of q and r.
4
Suppose -5*n = 2*s - 65 - 157, 0 = -4*n + 2*s + 174. Calculate the highest common factor of n and 132.
44
Let u(s) = 13*s - 1. Let q be u(2). Suppose -6*z + q = -z. Suppose -4*v + 33 = 29. Calculate the highest common divisor of z and v.
1
Suppose 27*f = 43*f - 1104. Calculate the highest common divisor of f and 552.
69
Let w be (8 - 0) + -6 + 17 + -4. Calculate the highest common factor of 1920 and w.
15
Let s(z) = -6*z + 22. Suppose -7*m - 2*g = -2*m + 19, -2*g + 2 = -2*m. Let i be s(m). What is the greatest common divisor of 5 and i?
5
Let o(k) = -k**2 + k. Let u(z) = 8*z**2 - 47*z. Let r(i) = 5*o(i) + u(i). Let c be r(18). Calculate the greatest common divisor of c and 27.
27
Let l(d) = 1 + 7 + d**2 - 4 - d. Let p be l(4). Let j(m) = -2*m + 130. Let q be j(-7). Calculate the highest common divisor of p and q.
16
Let w = -963 - -1356. Calculate the greatest common factor of w and 917.
131
Let n(y) = -y**3 - 7*y**2 - 6*y + 15. Suppose 2*t + 3*t = -4*g - 38, g + 20 = -3*t. Let r be n(t). What is the highest common factor of r and 75?
15
Suppose -84*w + 81*w = -84. Suppose h - 2*h - 4*p = 4, 3*h + 2*p - w = 0. What is the highest common factor of h and 60?
12
Let n(y) = -y**3 + 4*y**2 - y - 6. Let m be n(3). Suppose 4*a + r = 15 - m, -a + r = 0. What is the highest common factor of 27 and a?
3
Let j(k) = -4 - 4 + 3*k + 6 - 6*k - 6*k**2. Let y be j(-6). Let i = y - -284. Calculate the highest common divisor of 12 and i.
12
Let i(u) = -u**2 + 4*u + 3. Let m be i(4). Suppose -m*x + 84 = -7*x - 2*k, -x - 22 = k. Let l = -7 - x. What is the highest common divisor of l and 65?
13
Suppose 4*i - 11 = -a - 98, a - 5*i = -51. Let s = a + 89. Calculate the highest common divisor of 36 and s.
18
Suppose -8*a + 5*a = 0. Suppose -2*h + 5*f + 134 = a, -6*f + 2*f = -2*h + 132. What is the highest common divisor of h and 155?
31
Let t(c) be the first derivative of c**3/3 + 5*c**2/2 - c + 2. Let r = 43 - 50. Let h be t(r). What is the greatest common divisor of 13 and h?
13
Let d = 66 - 3. Suppose -6 = 5*i - 41. Suppose -5*a = -217 + i. Calculate the highest common divisor of d and a.
21
Let c(k) = k**2 - 3 + 4*k - 2*k + 7*k**2. Let g be c(2). Let h = -133 - -155. What is the greatest common factor of h and g?
11
Let o be 39 + (-6)/(-5 + 7). Let n(z) = -z**3 + 12*z**2 + 16*z - 16. Let b be n(13). Let h be 1/2 - b/(-2). What is the greatest common divisor of o and h?
12
Suppose -4*v + 2*u = -5*v + 1581, u = 2*v - 3152. What is the greatest common divisor of 19 and v?
19
Suppose 0 = -0*m + m - 2. Let t = -10 + 32. Let k = t - 0. What is the greatest common factor of m and k?
2
Suppose 2*r = -d + 6 - 2, -2*d = -r - 23. Suppose n = 5*n + 8, 2*n = -g + d. Let f = g - 0. What is the greatest common divisor of f and 98?
14
Suppose 2*q = -0*q. Suppose 0*d + 4*d - 260 = 5*f, -4*d = 5*f